-5 - -40. Calculate the highest common divisor of k and s.
5
Let y be (-9)/6*(-1)/((-3)/(-40)). Suppose 10 = -2*p - 0*p. Let n = p + y. Calculate the highest common divisor of n and 15.
15
Let v = -1074 - -2553. What is the highest common divisor of 174 and v?
87
Let i(d) be the second derivative of d**4/12 + 2*d**3/3 - 3*d**2/2 + 4*d. Let o be i(-6). Suppose -5*y + 1 = -o. What is the highest common factor of y and 4?
2
Let h(a) = -2 - 12*a - 7*a + 7*a. Let l be h(-6). Calculate the highest common factor of 35 and l.
35
Let g be 1 + (166 - (1 - 2)). Let r = 930 + -888. What is the highest common divisor of g and r?
42
Let u be 48/(-168) + 1094/7. What is the highest common divisor of u and 546?
78
Suppose -5*t + 150 = -130. Let y = t - 16. Calculate the greatest common divisor of 16 and y.
8
Let i = 659 + -621. What is the highest common divisor of i and 133?
19
Let a be ((-2842)/(-10))/((15/25)/3). Calculate the greatest common divisor of 29 and a.
29
Suppose 3*s - 6*s - 434 = -2*t, 4*t = 5*s + 868. What is the highest common factor of t and 31?
31
Let k(l) = -l + 6. Let q be k(6). Let f be 2 - 3 - 13/(q - 1). Let i(s) = s**2 - 5*s + 4. Let h be i(7). Calculate the greatest common divisor of h and f.
6
Let k be -1 + (1 - (-162 - -2)). Suppose 4001 = 4*w + 3937. Calculate the greatest common factor of w and k.
16
Let f be -7*33/(-11)*1/3. Suppose -y = f*y - 184. What is the highest common factor of y and 46?
23
Let w(o) = -7*o - 14. Let g be w(-9). Let v = 115 - g. Calculate the highest common divisor of 11 and v.
11
Suppose -157*k = -154*k - 15. Suppose 0 = -2*t - k + 61. Suppose 204 = 5*b - 6. What is the greatest common factor of t and b?
14
Let r be (-21)/(-9)*-3*27. Let q be 8/(-12)*r/6. What is the greatest common divisor of q and 6?
3
Suppose 0 = v - x - 41, -2*x = -4*v + 61 + 109. Let n = -26 + v. Let m = 46 + n. What is the highest common divisor of m and 8?
8
Suppose 2*b + 2*j - 10 = -0*b, 5*j = -3*b + 21. Let i(o) = 25*o**3 + 5*o - 2. Let t be i(b). What is the greatest common divisor of t and 16?
16
Let f = -104 - -92. Let w be (-4)/(f/3 - -2). What is the highest common divisor of 8 and w?
2
Suppose 2 = -l + 31. Calculate the highest common factor of 232 and l.
29
Let c be (10/8)/(2/8). Suppose 0*u + 53 = 4*r + 3*u, c*u - 60 = -5*r. Let v = 120 + -52. What is the greatest common divisor of v and r?
17
Let g = 326 - 320. Calculate the greatest common factor of g and 81.
3
Suppose -60*u = -77*u + 1632. Calculate the highest common factor of u and 48.
48
Let x be -3 + 2 + (0 - -14). Let q(p) = 143*p**3 - p**2 + 3*p - 2. Suppose 10*k - 6 = 4. Let o be q(k). Calculate the greatest common divisor of o and x.
13
Let k = -917 - -1104. Calculate the highest common factor of k and 55.
11
Let o(c) be the third derivative of 13/24*c**4 + 0 - 1/60*c**5 + 0*c - 8*c**2 - 3*c**3. Let g be o(9). Calculate the highest common divisor of g and 45.
9
Let u(a) = 4*a**2 + 32*a + 174. Let l be u(-8). What is the highest common divisor of l and 783?
87
Let j be 6462/72 - (-6)/24. Calculate the highest common divisor of 297 and j.
9
Let c be -5*2 + 26/13. Let t(g) = -g**3 - 9*g**2 - 5*g - 5. Let v be t(c). Let j = -25 - v. What is the greatest common divisor of j and 4?
4
Let z(k) = -k**3 - 4*k**2 - k + 2. Let w be z(-3). Let r be w/(-5)*(-25)/(-2). Suppose 0 = 41*d - 586 + 176. What is the highest common divisor of r and d?
10
Let o be (-10)/30 - (5 - 914/6). What is the highest common divisor of 105 and o?
21
Suppose -4*n = -3*q + 32, 7*n - 2*n + 7 = q. Let f be 24/(-9)*q/(-8). Let y be (0 - 2)*(2 - f). What is the highest common factor of 44 and y?
4
Suppose -5157 + 901 = -8*o. What is the greatest common factor of 152 and o?
76
Suppose -14 = -d + 30. What is the highest common factor of 110 and d?
22
Suppose -5*j + l = -385, -5*j + 3*l = 7*l - 385. Let w = -149 + 156. Calculate the greatest common divisor of w and j.
7
Suppose 153*i = 149*i + 144. Let f = -122 + 446. What is the highest common divisor of f and i?
36
Let i be 15/(-30)*-2*149/(-1). Let o = -85 - i. What is the greatest common factor of 8 and o?
8
Suppose 3*c = -v + 30, 3*c = c - 2*v + 24. Let n = -6 + c. Suppose p + 4*p + h - 317 = 0, -n*p + 201 = -3*h. Calculate the greatest common divisor of 8 and p.
8
Let f be (-1)/7 - (-5620)/140. Calculate the greatest common divisor of 25 and f.
5
Let y = 854 - 851. What is the highest common factor of 1 and y?
1
Suppose -3 = -5*l + 7. Suppose 3*b = l*b - 9. Let k = 0 - b. What is the highest common divisor of k and 9?
9
Let v be 920/15*(7 - (-20)/(-8)). What is the greatest common divisor of 36 and v?
12
Suppose 0*f + 10*f - 80 = 0. Calculate the greatest common factor of f and 58.
2
Let i = -2520 + 2673. Calculate the greatest common divisor of 6 and i.
3
Let d be (-12 - 80)/(9/6 - 2). Calculate the highest common divisor of 138 and d.
46
Suppose 3*l + 2*l = 60. Let x be 3/((-27)/l)*-9. Let b(u) = 20*u - 4. Let p be b(2). Calculate the greatest common divisor of x and p.
12
Let f be (-7)/((-7)/3) + (126 - -1). Calculate the greatest common factor of 455 and f.
65
Let l = -1 - -23. Let k = 4 + -1. Let o = k + 8. Calculate the highest common factor of o and l.
11
Let s = 693 + -649. Calculate the highest common factor of 418 and s.
22
Let q = -11 - -13. Let a(s) = q*s + 2*s**2 + 3 + 2 - 7. Let u be a(-3). What is the greatest common divisor of u and 5?
5
Suppose -3*b + 4*p + 428 = 0, 2*b + 8*p = 7*p + 267. Calculate the highest common factor of 64 and b.
8
Let r = -296 + 506. What is the greatest common factor of 84 and r?
42
Let i(h) = 5*h**3 + h + 4. Let w be i(3). Suppose -29 = -a + w. Let t(o) = o**2 + 3. Let q be t(-4). What is the highest common factor of q and a?
19
Let p(k) = 3*k + 7. Let v be p(-8). Let h = v + 17. Let a be (4/6 - h)*3. What is the greatest common factor of 8 and a?
2
Let m(n) = -2*n**2 + 15*n - 3. Let c be m(7). Suppose -5*h = 2*v + 2*v - 36, -3*h = -c*v - 28. What is the highest common divisor of 12 and h?
4
Suppose 5*h - 36 = 44. Suppose 0*f + 3*f = 99. Suppose -1 + f = 4*p. What is the greatest common divisor of h and p?
8
Let j(u) = -u**3 - 12*u**2 - 12*u - 11. Let v be j(-11). Suppose v*d - 5*d = -a + 67, 4*a + 2*d - 202 = 0. Calculate the highest common divisor of 13 and a.
13
Let v be 15/(-60) - -2*(-2018)/(-16). What is the greatest common factor of 56 and v?
28
Let f be 2/(-2*2/(-12)). Suppose 0 = -4*z - 4*x - 80, -5 = z + 2*x + 16. Let o(v) = -3*v - 39. Let b be o(z). What is the greatest common divisor of f and b?
6
Suppose -12 = -2*b + b. Let z be (b/(-16)*-12)/1. Suppose 3*h + z = 39. What is the highest common factor of h and 5?
5
Suppose 0 = 6*k + 17*k - 21620. Calculate the greatest common divisor of 8 and k.
4
Let r(z) = 159*z**2 - 1. Let l be r(1). Suppose -t = t - l. Let x = t - 45. What is the greatest common divisor of x and 136?
34
Let p = 576 + -126. Suppose -61*g = -60*g - p. What is the highest common factor of 50 and g?
50
Let k(l) = -19*l + 135. Let d be k(-19). What is the highest common factor of 16 and d?
16
Let q be (-1)/((-12)/15 + (-111)/(-145)). Calculate the highest common factor of 1 and q.
1
Let h = 34 - 68. Let k be -1 + h/(-2) - -1. Let x = k + -1. Calculate the highest common factor of 24 and x.
8
Let f be (18952/32 + 10)/(1/4). Calculate the highest common factor of f and 22.
11
Suppose 20 = -4*a, 0 = -2*c - 4*a + 5 + 23. Calculate the highest common divisor of c and 972.
12
Let j be (-407)/(-3) + (-8)/(-24). What is the highest common factor of 8 and j?
8
Suppose 6 - 16 = -o. Calculate the greatest common factor of 130 and o.
10
Let z = 426 - 420. Calculate the highest common factor of z and 48.
6
Let m be (-147)/(-6) - 1/2. Suppose -2*p - 660 = -3*d, -12*d - 5*p = -13*d + 246. Calculate the highest common factor of d and m.
24
Suppose 5*d - d - 248 = 0. Suppose 6*y = 517 + 41. Calculate the greatest common divisor of y and d.
31
Let g = 841 + -441. What is the highest common divisor of 32 and g?
16
Let f be (-8404)/(-110) + (-2)/5. Calculate the greatest common divisor of 32 and f.
4
Let u(n) = n**3 - 12*n**2 - 13*n - 16. Let z be u(13). Let a be 2/(2*(-4)/z). Suppose 0*w + 44 = a*w. Calculate the highest common factor of w and 121.
11
Suppose -5 = -6*a + 5*a + 2*j, -j = -5